 w - w**2 - 6*w + 5*w**2 + 3. Determine p(7).
3
Let d = -23 + 23. Let f = d + 1. Let t(u) = -7*u**2 - u. Calculate t(f).
-8
Let r(x) = 5*x**2 + x - 9 + x + 4*x + x**3 - 12*x**2. What is r(6)?
-9
Let i(v) = -v + 1. Let t(o) = -7*o + 10. Let u = 13 - 19. Let c(q) = u*i(q) + t(q). Give c(-6).
10
Let f(k) = -k - 8. Suppose 40*x = 45*x. Give f(x).
-8
Let w = -1 + 5. Let l(b) = -12*b - 2 + 11*b + w. Suppose 0 = -2*h - h + j + 17, -16 = -4*h - 2*j. What is l(h)?
-3
Let y(a) be the second derivative of a**3/3 + 5*a**2 - 8*a. Give y(-12).
-14
Let n(q) = -q**2 + q + 2. Suppose -4*j - 22 = -2*j. Let l = -9 - j. Calculate n(l).
0
Let i(p) = p + 5. Let u = 2 - 1. Let v = 6 + u. Suppose -5 = 3*n + v. Determine i(n).
1
Let p(t) = 0*t - 5 - 5 - t + 1. What is p(-8)?
-1
Let r(z) = -4*z + 2 + 5*z + 1. Suppose -i = 5*x, -2*x + i = 5*i. Determine r(x).
3
Let h(q) be the third derivative of -q**6/120 - q**5/10 - q**4/8 + q**3 - 38*q**2. What is h(-5)?
-4
Let h(x) = x**3 + 5*x**2 - x + 1. Suppose 4*z - 3*y - 23 = 31, 3*y - 6 = 0. Suppose -v - 6 = z. Let w be 2*(1 + v/6). What is h(w)?
6
Suppose -s + 0 = -4. Suppose t - 5 = -s*t. Let i(x) = x**3 + x**2 - x. Let b(l) = 5*l**3 - l**2 - 2*l - 2. Let f(v) = t*b(v) - 4*i(v). Give f(2).
-10
Let j(c) be the first derivative of -1 - 1/3*c**3 + 3*c - 1/2*c**2. Give j(3).
-9
Let w(a) = -10*a - 11. Let j(b) = 3*b + 4. Let m(s) = -8*j(s) - 3*w(s). Let v(h) = h**2 - 3*h - 2. Let t be v(3). Give m(t).
-11
Let o(y) be the second derivative of -y**3/6 + y**2 - 38*y. What is o(0)?
2
Let t(u) = -13*u**2 - 1. Let v be t(-1). Let n = v - -8. Let g(b) = 2*b**2 + 27*b - 13. Let q(m) = m**2 + 13*m - 6. Let l(s) = 6*g(s) - 13*q(s). Calculate l(n).
6
Let h be (12/(-18))/(4/(-6)). Let b = 5 - h. Let w(p) = -2*p + 1. Let l(r) = -4*r + 2. Let m(z) = 2*l(z) - 5*w(z). Give m(b).
7
Let p(b) = -3*b**3 + b**2 - 9*b - 6. Let w(d) = 2*d**3 + 8*d + 5. Let a(z) = 3*p(z) + 4*w(z). Let m be (-12)/15*(2 - 7). Determine a(m).
6
Suppose 0 = -9*s - 101 + 146. Let h(y) = y**3 - 5*y**2 - 3*y + 7. Give h(s).
-8
Let n(y) be the first derivative of y**3/3 - 4*y**2 + y - 16. What is n(7)?
-6
Let v(g) = g + 4. Let k(m) = 2*m. Let t be k(-4). Let j be (-7)/(-2) + (-12)/t. Calculate v(j).
9
Let z(c) = -c**3 + 4*c**2 + 2*c - 3. Let m = 9 + -10. Let a = 5 + m. Calculate z(a).
5
Let f(u) = u - 2*u**3 - 9*u - 44*u**2 + u**3 + 37*u**2 + 4. Calculate f(-6).
16
Let v = -3 - -6. Let w = v - 1. Let t(i) = -1 - 2*i**w - 2*i + 10*i**2 + 2 - 2. What is t(-1)?
9
Let g(t) be the first derivative of 4 + 2/3*t**3 - t + t**2. What is g(1)?
3
Suppose 3*u - 18 = -3. Let z be (-2)/5*(-4 + -1). Let s(p) = -3*p + 6 + z*p - 2 + 3. What is s(u)?
2
Let r(i) = i**2 + 4*i. Suppose 5*k + 8 = -2. Give r(k).
-4
Suppose 4*w = 2*w. Let m(c) = -c + 5*c - 1 + w*c. What is m(1)?
3
Let o(p) be the first derivative of -1/4*p**4 + 2*p - 2/3*p**3 - 5 - p**2. Determine o(-2).
6
Let n(v) be the second derivative of v**4/12 + v**3/3 - 3*v**2/2 - 22*v. What is n(-3)?
0
Let s be 5 - (3 - 2/2). Let j(a) = -a - 6. Let d(y) = 5. Let l(q) = -3*d(q) - 2*j(q). What is l(s)?
3
Let m(l) = -1. Let a(o) = -2 - 7*o**2 + o - 2*o - 1. Let v(u) = -a(u) + 2*m(u). Let i = -7 - -6. What is v(i)?
7
Let a be -4 - 0 - 0 - -2. Let v(r) = -r + 11. Let m(o) = o - 5. Let z(i) = 9*m(i) + 4*v(i). Determine z(a).
-11
Let g(y) = -y**3 - 3*y**2 - 2*y + 4. Let q(u) = -3*u**3 - 7*u**2 - 4*u + 9. Let d(i) = 7*g(i) - 3*q(i). Determine d(1).
1
Let f(w) = -5*w**2 - 3*w - 7. Let g(q) = -9*q**2 - 7*q - 13. Let x(u) = 7*f(u) - 4*g(u). Let z(t) = t**3 + 5*t**2 + 2*t + 5. Let v be z(-5). Give x(v).
-7
Let i(c) = -5*c + c**2 + 20 - 8 - 10. Let d(f) = -f**2 + 5. Let s be d(0). What is i(s)?
2
Let a(s) be the second derivative of s**5/60 + s**4/3 + 2*s**3/3 - 2*s**2 - 6*s. Let c(h) be the first derivative of a(h). Give c(-5).
-11
Let h be 1/(2/(-3) - -1). Let n(k) = 0 + 0 + k**h. Give n(-2).
-8
Let a = 9 - 15. Let g(z) = z + 7. Let p(i) = 1. Let s(k) = g(k) + 2*p(k). What is s(a)?
3
Let b be -6 - 4/12*0. Let f(g) = g**3 + 5*g**2 - 4*g + 5. What is f(b)?
-7
Let p(a) be the first derivative of a**4/12 - a**3 + 3*a**2/2 - a + 2. Let d(w) be the first derivative of p(w). Determine d(4).
-5
Let y be 13/(-52) - (-15)/(-4). Let p(j) = -j**2 - 5*j - 4. What is p(y)?
0
Suppose 0 = t - 5. Let o(l) = -l**3 + 4*l**2 + l + 5. What is o(t)?
-15
Let n(m) = -m**3 - 3*m**2 + 4*m - 2. Let s be ((-4)/(-6))/((-4)/(-180)). Suppose 3*v + 2*v = 2*p - s, 5*v + p = -15. Calculate n(v).
-2
Let t be (-1 - 3) + (-20)/5. Let w(a) = -a - 15. Give w(t).
-7
Suppose 5*k + 4*t + 0 = -26, -4*k + t = 25. Let z(g) be the first derivative of g**4/4 + 7*g**3/3 + 3*g**2 - 7*g - 2. Determine z(k).
-7
Let d(y) = -y**2 - 2. Let v be d(0). Let h(o) be the second derivative of o**3/3 - o**2 + 9*o. Calculate h(v).
-6
Let r(n) be the first derivative of n**4/8 + n**3/6 + n**2 - 3. Let c(l) be the second derivative of r(l). Give c(-2).
-5
Let j(x) be the first derivative of -x**2/2 - 5*x - 33. What is j(0)?
-5
Let h(p) = p**2 + 4*p - 2. Let r(v) = -v + 1. Let l(x) = -5*x + 1. Let a(y) = -l(y) + 4*r(y). Let b = -17 - -10. Let f be a(b). Calculate h(f).
-2
Let i(l) = -l**3 + 5*l**2 - l - 4. Let s = 53 - 49. Calculate i(s).
8
Suppose 7*b + 30 = 2*b. Let v = 8 + b. Let o(l) = l**2 - 3*l + v - 3 - 4. Calculate o(5).
5
Suppose -17 = -3*h - 4*d, -5*h - 5*d + 22 = -h. Let s(i) = 2*i - 4. What is s(h)?
2
Let f = -102 + 108. Let q(b) = b + 1. Give q(f).
7
Let a(l) be the third derivative of 0 + 1/120*l**6 + 7/24*l**4 - 2/3*l**3 - 1/10*l**5 + 0*l + 3*l**2. Calculate a(5).
6
Suppose v + 3*v = 0. Let n(t) = 3*t**3 - t**2 + t - 3. Let g(f) = 5*f**3 - 2*f**2 + 2*f - 7. Let y = -3 + -1. Let z(b) = y*g(b) + 7*n(b). Determine z(v).
7
Let v(y) = -y**3 - 4*y**2 - 2*y - 4. Let a be v(-4). Suppose 3*j - 5*k = a*j - 22, -5*k + 16 = -2*j. Let q(g) = g**3 - 4*g**2 + 3*g - 3. Calculate q(j).
-5
Let l = 52 - 67. Let i(g) = g**3 + 15*g**2 - g - 15. Give i(l).
0
Suppose -5*v + 2*c - 50 = -3*c, 0 = -3*v + 4*c - 34. Let u be 40/3*v/2. Let r be u/25 + (-2)/5. Let n(t) = -t**3 - t**2 - t + 2. What is n(r)?
8
Let j(a) = -6*a**2 - 5*a. Let x(p) = -p**3 + 5*p**2 - 2*p. Let u be x(3). Let s = -6 + u. Let y(w) = 7*w**2 + 6*w. Let f(r) = s*j(r) + 5*y(r). What is f(-2)?
-4
Let r(v) = v**3 + v**2 + v + 1. Suppose 0 = -s + 4*p - 14, 4*p - 22 = 4*s - 7*s. Suppose 2*b + s*b = -4. Calculate r(b).
0
Let x = 16 + -10. Let j(f) = -72*f**2 - f**3 - 6*f + 35*f**2 + 44*f**2 + 7. Give j(x).
7
Let q(z) = z + 3. Let i be q(0). Let d(m) = -m + 12. Let k be d(7). Let g(c) = 9*c - 10*c - k + 1. What is g(i)?
-7
Let s be (-16)/2 + (-12 - -13). Let z(u) = u**2 + 7*u + 3. What is z(s)?
3
Let y(w) = 11*w - 9. Let a(g) = -g - 1. Let h(l) = -4*a(l) - y(l). Let c(j) = 3*j - 6. Let i(r) = 9*c(r) + 4*h(r). What is i(2)?
-4
Let n(t) = t**3 + 2*t**2 - t - 1. Suppose 5*l - 3*r = -27, l + 0 + 23 = 5*r. What is n(l)?
-7
Let u(q) = -q**3 - 2*q**2 - 4*q - 2. Let l be -18*(20/(-6) - -3). Suppose 2*v = -v + l. Let s be ((-8)/(-10))/(v/(-5)). Determine u(s).
6
Let o(w) = -w**2 - 7*w + 1. Let k(u) = u**3 + 6*u**2 - 11*u - 4. Let z be k(-7). Suppose 5*g + z + 1 = 0. Determine o(g).
11
Let k(n) be the second derivative of 0 + 0*n**2 - 1/6*n**3 - 2*n. Let c be 10/(-3) - (-2)/(-3). Calculate k(c).
4
Let x(i) = 0*i**2 + 5*i + 3*i**2 - 4*i**2 - 5. Let u(g) = -g**2 + 10*g - 9. Let v be u(6). Let f = v + -10. Determine x(f).
-5
Let x = 14 + -11. Let g be (-2)/(x/30*4). Let m(o) = -o**2 - 6*o - 4. Determine m(g).
1
Let j = 16 - 3. Let t(y) = y**2 + 9*y + 6. Let u be t(-7). Let r = u + j. Let i(d) = -d**3 + 4*d**2 + 4*d. Give i(r).
-5
Let j(d) = -d**2 + 6*d + 2. Let u be j(6). Let y(p) = 2*p**3 - 2*p**2 + 2*p - 2. What is y(u)?
10
Let f(m) = -20*m - m**3 + 22*m + m**2 - 1 + 3*m**2. What is f(4)?
7
Let m(w) = -w**2 + 2*w - 1. Let p = 15 - 14. Suppose -2*b - p = -3*b. Give m(b).
0
Let a = 20 - 18. Let h(p) be the second derivative of -p**4/3 + p**3/3 + p**2/2 + p. What is h(a)?
-11
Let z(r) = -4*r + 3. Let s(m) = -m**3 + m**2 - m - 3. Let f be s(0). What is z(f)?
15
Let j be 7/2*2/1. Let w(d) = -7 - 5 - 2*d + 3*d. Let x be w(j). Let a(t) = -t**3 - 5*t**2 + 2*t + 2. Give a(x).
-8
Let f be 2*(-3)/18*0. Let r(u) = u**2 + 2*u + 1 - 2*u. Give r(f).
1
Suppose 5*h + 12*y - 7*y = -65, -3*y